it of o?
5
Let f = -5 + 113. Suppose 0 = 4*u - f + 12. What is the units digit of u?
4
What is the units digit of ((-68)/5)/(8/(-20))*2?
8
Suppose -4 = 4*n + 4. Let x(b) be the first derivative of -2*b**2 + b - 1. What is the units digit of x(n)?
9
Let u(g) = -g + 9. Let j be u(4). Suppose 5*d = 2*p + 145 + 80, -j*p = -4*d + 180. What is the tens digit of d?
4
Let y(m) = -52*m**3 - m**2 - 3*m - 2. What is the units digit of y(-1)?
2
Let q(f) = 3*f - 3. What is the units digit of q(7)?
8
Let y = -43 - -61. What is the units digit of y?
8
Let m(u) = u**3 - 5*u**2 - 8*u + 7. Let v be m(6). Let s(g) = -6*g - 11. What is the tens digit of s(v)?
1
Let x = 627 + -387. What is the hundreds digit of x?
2
Let w = 3 - 0. Suppose 3*u + 2*l - 41 = 0, w*l = 2*u - 47 + 11. Suppose g - 22 = -3*t - 7, t + u = 3*g. What is the units digit of g?
6
What is the tens digit of (-3 + 13/1)*42/15?
2
Suppose -410 = 7*y - 17*y. What is the units digit of y?
1
What is the units digit of (3 + (-5 - -4))*101/2?
1
Suppose 3*t + 2*t + 219 = 3*c, 0 = 5*t + 15. What is the units digit of c?
8
Let y = 2 + -3. Let a be 0*(1 + -1 + y). Suppose a = 3*x + x - 16. What is the units digit of x?
4
Suppose -5*f + p = -14, -5*f + 2*p + 6 = 3*p. Suppose 2*z - f*h = z + 18, 2*h = -2*z + 30. What is the tens digit of z?
1
Let s(x) be the second derivative of -13*x**5/20 + x**4/12 + x**3/6 - x. What is the tens digit of s(-1)?
1
Let o be (21/28)/(2/(-16)). Let s(u) = -7*u - 4. What is the units digit of s(o)?
8
Let t = -9 + 5. Let p = 0 - t. What is the units digit of p?
4
Let v be -5 + (0/(-2))/(-3). Let o = v - -6. What is the units digit of o?
1
Suppose -3*k - 4*x = -7, 2*k - 6*x + x = -26. Let v be (-1 - (-6 - k)) + 17. Suppose -64 = -3*t - v. What is the tens digit of t?
1
What is the units digit of (-4)/(-4)*3 + 5?
8
Let k be 2/(-4)*-6 - 3. Suppose 0*p - 2*g + 34 = 2*p, k = -3*g - 6. What is the units digit of p?
9
Let m(r) be the first derivative of r**3/3 + 3*r**2/2 + 6*r + 7. What is the units digit of m(-5)?
6
Suppose 0 = v - 2*v. Let j = v + 3. What is the units digit of j?
3
Let n = 22 - 8. What is the units digit of n?
4
Suppose 8*b = 3*b + 1810. What is the units digit of b?
2
Suppose 0*y = -2*y + 2. Let w(f) be the first derivative of 13*f**2/2 + f - 7. What is the units digit of w(y)?
4
Let p be (-4)/(-6) + (-67)/(-3). Suppose -g = -3*j + 22, 2*j + 0 = -g - 2. Let d = p + g. What is the units digit of d?
3
Suppose 5*a - 4*y = -16, 0 = -y - 4*y + 20. Let f(c) = c**2 - 6*c - 1. Let m be f(7). Suppose a*l + m = l. What is the units digit of l?
6
Suppose -41*c + 36*c + 910 = 0. What is the units digit of c?
2
Let a(t) = -267*t - 2. What is the units digit of a(-1)?
5
Let c(n) = n**2 - n - 2. Let z be c(2). Let a = 0 + 8. Suppose z = j + 3*j - a. What is the units digit of j?
2
Let u(b) be the first derivative of -b**4/4 + b**3 - b**2/2 + 2. What is the units digit of u(2)?
2
Suppose -63 = -3*v + 285. What is the units digit of v?
6
Let p = 1 - -16. What is the tens digit of p?
1
Suppose p - 3 + 0 = 0, 0 = -3*j + 4*p - 42. Let o = -2 - -2. What is the units digit of ((-16)/j - o)*5?
8
Let m = 1 + 39. What is the units digit of m?
0
Let t be (3 + -2)/(1/(-1)). What is the tens digit of 45/6*(t + 3)?
1
Suppose 0 = -u - 4*u + 20. Suppose -16 = l + s + 4*s, 0 = -u*l - 5*s - 4. What is the units digit of l?
4
Let n = 29 + -4. Suppose -4 + n = 3*j. What is the units digit of j?
7
Suppose -3*c = c. Let y(v) = -v + 5 + 7 - 43*v**2 + 44*v**2. What is the tens digit of y(c)?
1
Let d(j) = 49*j + 1. What is the tens digit of d(1)?
5
Suppose 0 = -m + 2*l + 60, 4*l = -2*m + 57 + 95. What is the units digit of m?
8
Let g = 16 + 19. What is the units digit of g?
5
Let t be ((-12)/(-1) - -1)*5. Let d = 54 - 54. Suppose -5*a + 0*a + t = d. What is the tens digit of a?
1
Suppose -2*q - 10 = 3*x - 33, -3*x - 19 = -4*q. Suppose j - 57 = 4*a, 4*a - 9 = q*a. What is the units digit of j?
5
Let l(p) = 47*p**2 - p + 2. What is the tens digit of l(2)?
8
Let u = -68 + 131. What is the units digit of u?
3
Let w(i) = -i - 4. Let m be w(3). Let x = m - -10. What is the units digit of x?
3
Let a(t) = t**3 + 3*t**2 - 5*t + 2. What is the units digit of a(-4)?
6
Suppose 3*o + o = -4. What is the tens digit of (4 - 2)*(29 - o)?
6
What is the units digit of 1 - -2*(-86)/(-4)?
4
Suppose 2*x = -2*z - 3*x, 5*x = 0. Suppose -3*v + z = -5*r - 1, -27 = -v - 5*r. Let g = v - 4. What is the units digit of g?
3
Suppose 0*z = 2*z - 104. Suppose -5*x + x + z = 0. What is the units digit of x?
3
Let y be (-1)/1 - (-2 - 1). Suppose -k + y*k = 0. Suppose -12 = -k*b - 4*b. What is the units digit of b?
3
Let u(x) = 21*x - 3. Let f be u(2). Suppose 5*c + 53 = -z, -5*c = -2*c - 3*z + f. Let q = 6 - c. What is the units digit of q?
7
Let r = -123 - -217. What is the tens digit of r?
9
Suppose 0 = -2*v + 3 + 5. What is the tens digit of (0 + v)/(-4) - -14?
1
Suppose 2 = -2*k - 3*f, -4*f = -4*k - 0*k - 4. Let y be 1/3 + (-16)/(-6). What is the units digit of y + 5 + -2 + k?
5
Let p = -13 - -48. What is the tens digit of p?
3
Let z = -44 - -42. Let g be 21 + 0/(-2) - 0. Let b = z + g. What is the units digit of b?
9
Let j(f) = f**2 - 7*f - 5 + 6 - 5 - 8. What is the units digit of j(9)?
6
Let k = 32 + -18. Suppose y + 3*c = 3*y + 10, 5*c - k = 3*y. Let p(d) = d**3 + 7*d**2 - 10*d - 6. What is the units digit of p(y)?
0
Let b(y) = y**3 + 14*y**2 + 2*y - 22. What is the units digit of b(-12)?
2
Let n(h) = 4*h + 1. Let z be n(-1). Let l(k) = 3*k**2 + k + 2. What is the tens digit of l(z)?
2
Let y = 229 + 196. What is the units digit of y?
5
Let n(j) = -j**2 + 9*j + 18. What is the units digit of n(8)?
6
Let p be 2/(-3) - 15/(-9). Let y = 1 - p. Suppose y*s + 46 = 2*s. What is the units digit of s?
3
Let w(b) = -b**2 + 12*b - 5. Suppose 39 = 5*f - 16. Let s be w(f). Let d = s + -4. What is the units digit of d?
2
Let b(u) = -2*u - 5. Let c be b(-7). Let y = -19 + c. What is the units digit of (-14)/y + 14/(-35)?
1
Let j be 1/1*(1 + 3). Suppose -c = -j*c + 6. Suppose -c*l = 3*l - 15. What is the units digit of l?
3
Suppose n - o - 1 = 0, -n - 5*o + 0*o - 29 = 0. Let s = 8 + -15. Let t = n - s. What is the units digit of t?
3
Suppose -3*y + 179 + 652 = 0. What is the hundreds digit of y?
2
Let b be ((-4)/(-6))/(2/12). Suppose -17 + 1 = -b*k. Let l(u) = -u**3 + 6*u**2 - 6*u. What is the units digit of l(k)?
8
What is the units digit of (196/(-6))/(19/(-57))?
8
Let q be (-2)/(-4) - (-9)/(-6). What is the units digit of 43/4 + q/(-4)?
1
Let j(y) = y - 10. Let h be j(10). Suppose 3*w - 2 - 37 = h. What is the units digit of w?
3
What is the tens digit of 96 + (-2)/3*(7 - 4)?
9
Suppose -3*k = k - 300. What is the units digit of k?
5
Let f = 4 + -4. Suppose n + 2*n + 27 = f. Let r = n - -15. What is the units digit of r?
6
What is the tens digit of 129/(-2)*-1 + 9/18?
6
Suppose 4*d - 12 + 4 = 0. Suppose d*r = -3*r + 5. What is the units digit of r?
1
Let d be (6 + -4)/((-4)/(-38)). Suppose 0 - d = -n. Let p = n - 10. What is the units digit of p?
9
Suppose -182*o + 184*o - 372 = 0. What is the hundreds digit of o?
1
Let h be 1*(-3 + 2 - -2). Let n be (-44)/(-6) - h/3. Suppose 5*b - 30 = -2*o, 3*o - 2*b + 0*b - n = 0. What is the units digit of o?
5
Suppose 0 = 3*c + 5*k - 32, 3*c - 4*c + k = 0. Suppose 0 = p - 4*p - c*u + 4, 55 = 5*p - 3*u. Suppose -2*t + t = -p. What is the units digit of t?
8
Let b = 0 - -4. Suppose -4*i = 5*x - 30, -b*x = -4*i - 21 - 3. What is the units digit of x?
6
Let d be 2/9 - 291/(-27). Let o = d - 7. Suppose -4*n - 2*i = i + 2, 0 = -5*n + o*i + 13. What is the units digit of n?
1
Let g(h) = -h**3 + 8*h**2 - 6*h - 1. Suppose k = -k. Let t = 7 - k. What is the units digit of g(t)?
6
Suppose 3*u + 0*b = b + 9, u = -b + 3. Suppose 4*a = 5*m + 90, -2*a + 3*m - 14 = -u*a. What is the tens digit of a?
2
Let k(o) = -3*o**3 - o - 1. Let w(j) = j**2 + 5*j - 7. Let z be w(-7). Suppose -2*a + 0*a - z = 3*i, i + 5*a = -11. What is the units digit of k(i)?
3
Let q(z) = 6 + 5*z + 2*z**2 - z**2 - z**2 + z**2. What is the units digit of q(-4)?
2
Let x(k) be the third derivative of 0 - 2*k**2 + 1/6*k**3 - 1/24*k**4 + 0*k. What is the units digit of x(-5)?
6
Let u(z) = -z**3 - 5*z**2 - 6*z - 1. Let w be u(-4). Let d(f) = f**3 - 6*f*